te number?
False
Suppose -5*v = -5*n + 297490, -n - 22*v = -26*v - 59501. Is n composite?
False
Let b(c) = 160*c + 98. Let v(i) = -79*i - 49. Let z(s) = -6*b(s) - 11*v(s). Is z(-6) composite?
True
Suppose -52*b + 57*b + 51880 = 0. Let s = b + 24679. Is s prime?
True
Suppose 0*k = -6*k + 48. Let y be (-1)/((k/3)/(-8)). Suppose y*s - s - 606 = v, 4*s + v - 1206 = 0. Is s a composite number?
True
Suppose -11010 + 345530 = 20*l. Is l composite?
True
Let b(l) = 65 + l - 53*l**3 - 65 - 112*l**3. Suppose 1 - 11 = 5*z. Is b(z) composite?
True
Suppose 10*h = 84*h - 18111278. Is h composite?
False
Let c(v) = -9*v**3 - 31*v**2 - 92*v - 201. Is c(-22) composite?
False
Let l(c) = -c**3 + 5*c**2 + c - 3. Let p be l(5). Suppose -2*z = 2*t, -z - 3*t - p*t = 16. Suppose -2*u + 659 = 5*m, -3*u - 5 - z = 0. Is m a prime number?
False
Let q be 377/26 + (-3)/(1*-6). Is (5 - 11058/(q/(-5)))*1 composite?
False
Let o be 0/(-2)*(-2)/(-4). Let n(p) = 791*p**3 - 7*p**2 - 5*p + 20. Let g be n(2). Suppose -5*t = -o*t - g. Is t a prime number?
False
Suppose 316*w - 321*w = -4*s - 589803, 4*s + 8 = 0. Is w a prime number?
True
Let s be 109*-6*(-4)/(-8). Let a = 416 - s. Is a prime?
True
Let u = 20 + -24. Is 633 + (2/u - 7/(-14)) a prime number?
False
Suppose 5*v - 125531 = -2*u, -5*u - 3*v + 313775 = -v. Is u prime?
True
Let k(d) = 13*d**2 - 4*d - 1. Suppose -5*x - 5*l = -10, 0 = -3*x + 5*l - 2*l + 18. Suppose x*h - 5*v = 26, -4*v + 3*v + 2 = h. Is k(h) prime?
True
Suppose -87*g = 53*g - 23445940. Is g composite?
False
Let o(c) be the first derivative of -1369*c**2/2 - 4. Let b be o(-2). Suppose 0 = 4*f - 1250 - b. Is f prime?
True
Suppose o - 43 = -2*u, -31*u - 4*o = -32*u + 26. Let l = u - -1339. Is l composite?
False
Suppose 0 = -635*u + 653*u - 5575194. Is u prime?
False
Is (-2679471)/(-69) - 86/(-989) composite?
False
Let a = 255402 - 85195. Is a a composite number?
False
Let f be 2/(-3) - (-46)/6 - 2. Let k(r) = 515*r - 34. Let p(s) = -258*s + 17. Let q(z) = -4*k(z) - 9*p(z). Is q(f) composite?
True
Suppose 59*c - 60*c = -16. Suppose -14*w + c*w = 8. Is w prime?
False
Let u be (-345)/10*(-892)/6. Suppose -u = 6*z - 26201. Let x = z - 2361. Is x a composite number?
False
Suppose 5*d = 2*d - d. Let p be (d - (-14)/8)*4. Is (-19048)/(-14) + 3/p prime?
True
Let w be (-102)/(3*1/3). Suppose -54 = -24*u + 162. Is (-2 - 1)*w/u composite?
True
Let d = 35 - 183. Let h = d - -335. Is h a prime number?
False
Suppose -126 = 22*s - 38. Is 2/s*(-31 - 32343) + -4 a composite number?
False
Suppose 229*u = 260*u - 2810429. Is u a prime number?
True
Suppose -18*g = -33989 - 117355. Suppose g = 2*q - 4074. Is q prime?
False
Suppose 857063 - 56466 = 7*v. Is v a prime number?
True
Let i(f) = 1070*f + 9. Let n(o) be the third derivative of o**6/120 + o**5/60 - o**4/24 + o**3/3 - 18*o**2. Let c be n(0). Is i(c) composite?
True
Let u(y) = -2*y**2 + 28*y + 20. Let l be u(15). Let p = l + 19. Is (-1*(-6)/p)/((-4)/(-25890)) composite?
True
Let m(q) = -28182*q**3 - 5*q**2 - 14*q - 10. Is m(-1) composite?
False
Suppose -3*y = 2*y - 235. Let w = 48 - y. Is 19724/10 - w/(-10)*6 composite?
False
Let y be (-22)/8*(14 - 6018). Let c = y + -7958. Is c a composite number?
True
Let m(j) = 4*j**2 - 55*j - 11. Let b be m(14). Suppose -b*s + 5092 = n, -3*n + 25410 = 2*n + 5*s. Is n a prime number?
True
Let b(x) = 900*x + 112. Let m be b(10). Suppose m = 5*n - 8603. Is n prime?
False
Let l(c) = -c**3 - 9*c**2 + 10*c. Let i be l(-10). Suppose -8*j + j - 6188 = i. Let x = j - -1273. Is x a composite number?
False
Suppose -3*m = -2*t - 6, -15 + 3 = 4*t + 3*m. Is t/(-2)*-6*(-1319)/9 composite?
False
Let d = -128751 - -347714. Is d a composite number?
False
Suppose 6*z - 241436 - 62459 = 98723. Is z composite?
False
Let o(i) = 7 + 2 + 538*i - 5 + 6 + 1430*i. Is o(2) a prime number?
False
Suppose 152*x = 140*x + 394860. Is x prime?
False
Let r(h) = -h + 7. Let o be r(2). Let x(q) = 105*q - 26 + 9 + 37*q - 4*q. Is x(o) a prime number?
True
Let m = -38988 - -167225. Is m a prime number?
True
Let v = -14524 - -22536. Suppose 2*q + 42554 - v = 4*k, -5*k = q - 43188. Is k prime?
False
Let d = 150 + -46. Suppose 5*i = -r - 98, 3*i - 3*r + 48 = -0*r. Let t = d - i. Is t a prime number?
False
Let f = 79845 - 32828. Is f composite?
False
Let i(h) = h**3 + h. Let f(w) = -16*w**3 - w**2 - 3*w - 9. Let t(r) = f(r) + 4*i(r). Let k be t(-5). Let n = k + -938. Is n composite?
False
Let f(w) = w**2 + 7*w - 13. Let x be f(-9). Suppose -x*v - 3*r = -49511, -v = -3*r - 11189 + 1294. Is v prime?
True
Let o = -35659 - -249140. Is o composite?
False
Let g(m) = -50*m**3 - 3*m - 2. Let w be g(-1). Let n be (-6)/(-51) - 2505/w. Is 78/(-4)*2*n/21 prime?
False
Suppose 73*g = 62*g + 303259. Is g composite?
True
Let r = -84 - -87. Suppose r*q + 19 = 28. Suppose 317 + 445 = q*g. Is g prime?
False
Let q = 409 + -43. Suppose k + 6 = 3*h, 9*k - h + 18 = 14*k. Is 1*q/k - 1 a composite number?
True
Suppose 5362148 - 40769416 - 5224911 = -413*r. Is r a prime number?
False
Let l(j) = -1248*j**3 + 1. Let o = 106 + -91. Let n(r) = -r**3 + 15*r**2 - 1. Let m be n(o). Is l(m) prime?
True
Suppose -9 = -4*x - 5*m, 4*x + 6*m - 2*m = 8. Let u(k) = 6760*k**3 + 2*k**2 + k - 2. Is u(x) a composite number?
False
Suppose s - 2 = -2*c - 3*s, 0 = 3*c + 3*s - 6. Suppose -5*y + 2*y = c*q - 15903, -5*q - y + 26489 = 0. Is q composite?
False
Let s(p) = p**3 + 5*p**2 + 5*p + 6. Suppose -5*y = 7 + 13. Let z be s(y). Suppose 5*l + 4*x - 2090 = -0*x, x = -z*l + 839. Is l composite?
True
Suppose 313733 = 5*f - 200457. Is f a prime number?
False
Is ((-728)/(-80) + -9)*14973370 a prime number?
True
Let c(h) = -h**3 + 11*h**2 + 10*h + 9. Let m be c(12). Let p be (-23555)/m - (-2)/(-6). Suppose -p = 3*a - 4435. Is a a prime number?
False
Suppose 0 = -3*x - 3*v + 808311, 36*v + 1077784 = 4*x + 31*v. Is x prime?
True
Let l be (-4)/22 + (-1915240)/440. Let r = 6548 + l. Is r prime?
False
Suppose 0 = -539*k + 544*k - 13045. Let a = 3748 - k. Is a prime?
False
Let q(l) = 543*l**2 - 210*l - 323. Is q(-35) a prime number?
False
Let f(c) = -c**3 + 3*c**2 - c - 28. Let p be f(-20). Suppose -p = -0*u - 8*u. Suppose -u = -2*r - 5*d, -5*r - 2*d - 3*d = -2910. Is r composite?
False
Let p(b) = 143*b**2 - 245*b - 1691. Is p(-7) a composite number?
True
Suppose 143351 = 19*q - 16*q - 5*j, -3*q + 143327 = j. Is q a prime number?
True
Suppose -3*x + 257855 = -211915. Suppose -l = 13*l - x. Is l a prime number?
False
Let b(r) = 2505*r**3 - 4*r**2 - 12*r + 26. Is b(7) composite?
False
Suppose -4*q = q, -2*q - 2 = -p. Suppose i - 3*v + p*v = 6094, -5*i + 30465 = -4*v. Is i prime?
True
Let s(j) = -154*j**3 - 5*j**2 - 19*j - 29. Is s(-6) composite?
True
Let m = -76 + 105. Let h be 36/(-45) - m/(-5). Let b(n) = 28*n**2 + 2*n - 7. Is b(h) a composite number?
True
Suppose 7*i - n + 855 = 2*i, 5*i + 5*n = -885. Let p be i/(-22) + (-22)/(-121). Let w(j) = 41*j + 11. Is w(p) a prime number?
False
Suppose 39*f - 44*f - 5*p - 20 = 0, -3*f - 32 = -2*p. Let g(j) = -39*j**3 - 2*j**2 + j - 63. Is g(f) a composite number?
True
Suppose 0 = 2*x + 363 + 267. Let k = -611 - -409. Let j = k - x. Is j a prime number?
True
Suppose w - 5*y = 4*w + 4493, 5 = y. Let a(t) = 544*t - 609. Let x be a(7). Let p = w + x. Is p a composite number?
False
Let y(n) = 26772*n - 1963. Is y(31) composite?
False
Let o(h) = 62*h - 12. Suppose -4*n = -6 - 6. Suppose -5*u - n*t + 10 = 0, t - 6*t = 25. Is o(u) prime?
False
Let t(g) = 41*g**2 + 74*g + 73. Is t(-44) a prime number?
False
Suppose -4449478 + 1383064 = -34*a + 3597280. Is a a prime number?
True
Let r = -69 + 63. Let i(g) = -g**3 - 8*g**2 - 13*g - 6. Let d be i(r). Suppose 265 = 3*f - 4*m, d*m = 2*f - 3*m - 175. Is f composite?
True
Let i = -267 - -448. Suppose -i*v - 18066 = -187*v. Is v prime?
True
Suppose -2*z - 3*l = -13, 2*z - l = 7*z - 39. Suppose -4*x + 5*n - z*n = -4871, x - 1213 = 4*n. Is x composite?
False
Suppose -2*b + 151 = -2*t - 1945, 4*t = 0. Suppose 2*r + 1194 + b = 0. Let z = r - -3070. Is z prime?
True
Let t = 7 - 16. Let w be 2 + t*(-84)/2. Let r = 794 + w. Is r composite?
True
Let i(g) = 2*g**3 - 2*g**2 + g + 787. Let s be i(0). Suppose 159 - s = -2*f. Let w = 579 - f. Is w composite?
True
Let d(l) = -51516*l + 1705. Is d(-4) prime?
True
Let k(f) = -2*f -